 -g. Let b be 113/4 + 1/(-4). What is the highest common factor of b and p?
28
Let j be 86/6 - 3/9. Suppose -10*q + 5*q = -280. Calculate the highest common divisor of j and q.
14
Suppose 385 = -0*q + 5*q. What is the greatest common divisor of 7 and q?
7
Let z(s) = s**3 - 7*s**2 - s - 2. Let j be z(8). What is the highest common factor of j and 18?
18
Let u = 90 - 18. What is the greatest common factor of u and 48?
24
Let y(c) = 6*c - 38. Let f be y(8). Calculate the greatest common divisor of f and 20.
10
Suppose -5*x - 15 = -0. Let a = x + 5. Suppose -a*s = 5*r - 9, -2*r - 5*s - 6 = r. What is the highest common factor of 12 and r?
3
Suppose -u + 3*p = -17, -5 = -4*u - p - 2. Suppose 4*n + 5*q - 64 = 7, -4*n + 41 = -5*q. What is the highest common factor of n and u?
2
Let r = 0 - -4. Suppose r*i + m - 37 = 7*i, 2*m - 2 = 0. Let q be (-1 - 4)/(4/i). Calculate the highest common divisor of 15 and q.
15
Suppose 5*k = k + 48. What is the highest common factor of k and 6?
6
Let a(r) be the second derivative of r**5/20 - r**4 - 2*r**3 + 9*r**2/2 + 5*r. Let f be a(13). What is the highest common factor of f and 55?
11
Suppose 2*l = r - 8, -5*l = -l + 5*r + 16. Let s = 21 - l. Calculate the highest common factor of s and 125.
25
Suppose -2*x + 1 = -3*x. Let s = x - -4. Let g be s/9*(-6)/(-2). Calculate the highest common factor of g and 9.
1
Let y = -22 + 13. Let k = 24 + y. Calculate the highest common factor of k and 165.
15
Let a = -19 + 27. What is the greatest common factor of 2 and a?
2
Suppose 5*d = 12 + 78. What is the highest common factor of 6 and d?
6
Let i be 20/30 + (-16)/6. Let k be 1053/15 + i/10. Calculate the highest common divisor of k and 28.
14
Let l = 9 - 11. Let x be (l/(-4))/((-1)/(-18)). What is the highest common factor of x and 3?
3
Let l(p) be the first derivative of p**2 + p - 3. Let y be l(4). Let c(d) = -12*d - 3. Let q be c(-4). Calculate the greatest common divisor of q and y.
9
Let d(p) = p**2. Let s be d(3). Suppose 0 = -s*k + 4*k - 15. Let q be k*2/4*-8. Calculate the highest common divisor of q and 48.
12
Let f = 25 - 12. Suppose 0 = 2*j - 0*j - 286. Calculate the highest common divisor of j and f.
13
Suppose 17*b - 12*b = 10. What is the highest common factor of 18 and b?
2
Suppose -3*x = 3*m - 0 - 12, -2*x + 5*m = 6. Let r be x/(-9) + (-329)/(-63). Suppose 36 = -d + r*d. What is the greatest common divisor of 72 and d?
9
Suppose 6*z - 56 = 2*z. Let o = -9 + z. Calculate the highest common factor of o and 15.
5
Let r(p) = -29*p**3 - 2*p**2 + 1. Let i be r(-1). Suppose 6*f - 3*f = 0. Suppose f*t + 14 = t. What is the highest common factor of t and i?
14
Suppose -9*o + 8*o = 0. Let f = 12 + o. What is the highest common divisor of f and 12?
12
Let r = 85 - 45. Suppose 4*t - 3*t = 6. Let w = t - -2. Calculate the greatest common divisor of w and r.
8
Let s be 2/((-1)/(-25)*2). Let x(m) = 20*m**3 - 3*m**2 + m. Let h be x(2). What is the highest common factor of s and h?
25
Let y(r) = 3*r + 3. Let u be y(6). Calculate the highest common divisor of 84 and u.
21
Let u = 78 + 30. Let v be (14 + -8)/(-1 - (-3)/2). Calculate the highest common divisor of u and v.
12
Suppose -4*h + 35 = -1. Suppose 3*i = -6, 3*i + 426 = 2*a + a. Let v = -95 + a. Calculate the greatest common factor of h and v.
9
Suppose -3*n - 15 + 6 = 0. Let b be n/6*(0 + -2). Calculate the greatest common divisor of b and 8.
1
Let f(a) = -a**3 - a**2 + 20*a + 5. Let l be f(-9). Calculate the greatest common factor of 43 and l.
43
Suppose -4*j = -0*j - 5*y - 5, 5*y = -j + 20. Let u = -95 - -389. Suppose 0 = -2*b + j*b - u. Calculate the greatest common factor of 14 and b.
14
Let z be 10/25 - 106/(-10). Calculate the greatest common divisor of z and 11.
11
Let s(x) = -x**3 + x**2 - x + 10. Let t be s(0). Let p be 3/(-6) + (-22)/(-4). What is the highest common factor of p and t?
5
Let t be -4 + 168/44 - (-708)/22. Calculate the greatest common factor of t and 8.
8
Let l(r) = -r**3 + 7*r**2 + 19*r + 2. Let k be l(9). What is the greatest common factor of 77 and k?
11
Let b(y) = -y**3 + y**2 - y + 3. Let f be b(0). Suppose -2*g + 88 = f*z + 16, -3*z = -5*g + 138. Let t = 11 - 8. What is the greatest common factor of t and g?
3
Suppose 0 = 2*s + 5*a + 2 - 6, 5*a = 2*s + 16. Let r be (s - -2)*(-14)/2. Suppose 33 = 3*m - 51. What is the highest common factor of m and r?
7
Suppose 2 = d - 0. Let p be 1/(0 + -1 + d). What is the greatest common divisor of 7 and p?
1
Suppose 4*l - 2*u = 9*l - 34, 0 = 3*l - 3*u - 12. Let j(m) = -m**3 + 5*m**2 + 8*m + 6. Let t be j(-3). Calculate the highest common divisor of t and l.
6
Let k(v) = 26*v**2 - 3*v + 1. Let l be k(1). What is the greatest common factor of 264 and l?
24
Let t(n) = n + 1. Let o be t(12). Calculate the greatest common factor of o and 91.
13
Let f be -1 + 10 - (2 + -1). Let x = 13 - 9. Suppose x*t = 3*a + 1, -2*a - 1 + 3 = 0. Calculate the greatest common divisor of f and t.
1
Suppose -5*j + 0*j + 380 = 0. Suppose 201 = 3*q - 3*b, 0*q = q - 4*b - j. Calculate the highest common factor of 8 and q.
8
Suppose 2*y - 3*y + 8 = 4*v, -4*v = -3*y - 8. What is the greatest common factor of v and 16?
2
Let i = 79 + -37. Let q be (-5)/(5/(-16)) - 2. What is the highest common factor of i and q?
14
Suppose -3*z = -3*m, -4*z + 9 + 11 = m. Suppose -3*h - h = -8. Suppose 0 = z*j - h*p - 152 + 50, 3*j - p = 79. What is the highest common divisor of j and 70?
14
Let u be ((-16)/(-3))/(6/90 + 0). What is the greatest common divisor of u and 20?
20
Suppose -155 = -2*p + 6*p - 3*i, -i + 110 = -3*p. Let g = p + 75. What is the highest common factor of 16 and g?
8
Let j be (-2)/(180/184 + -1). What is the greatest common factor of 23 and j?
23
Suppose -v = -2 + 1. Let k = 46 - v. Calculate the greatest common factor of 18 and k.
9
Suppose 4*x = 3*z - 4, z + 2*x = -z + 12. Calculate the greatest common factor of z and 4.
4
Let u be ((-40)/12)/((-3)/(-9)*-2). Calculate the highest common factor of u and 35.
5
Suppose -g = 4*w - 201, -5*w + 235 = -0*g - 2*g. What is the greatest common factor of 7 and w?
7
Let y = -6 - -6. Suppose 3*o + 4*h = 31, y = 4*o - 4*h - 5 + 1. Calculate the highest common factor of o and 25.
5
Let v be (22/(-6))/(2/(-6)). Calculate the greatest common factor of 33 and v.
11
Suppose 0*f + 45 = f. Suppose t = -4*t + f. What is the highest common divisor of t and 81?
9
Suppose -k - 4*n - 14 + 58 = 0, k - 47 = -n. Suppose 0 = 2*t + 7*t - 108. What is the highest common factor of k and t?
12
Suppose 0 = -2*u + 4*u - 48. Let j be (3 - 1)/(4/(-6)). Let y be 1*10 - (-1 - j). Calculate the highest common factor of u and y.
8
Suppose -5*b + 5*h + 620 = 0, -h - 128 = -b - 2*h. What is the greatest common divisor of 18 and b?
18
Let c(r) = r + 2. Let g be c(-4). Let z(h) = -30*h**3 - h**2 + h - 2. Let b be z(g). Calculate the highest common factor of 29 and b.
29
Suppose -16*a + 6*a + 390 = 0. Calculate the highest common divisor of a and 104.
13
Suppose 7*b - 3*b = 12. Calculate the highest common factor of b and 12.
3
Let i(u) be the third derivative of 7*u**4/6 + 7*u**3/6 + 7*u**2. Let w be i(5). Calculate the greatest common factor of w and 21.
21
Suppose 6*t - 51 = -2*m + 3*t, -5*t = -m + 19. Calculate the highest common factor of 60 and m.
12
Suppose 440 = -0*k + 5*k. Suppose -3 = p, -2*p - 22 = -5*q + 2*p. Suppose -3*s = q*s - 40. Calculate the highest common factor of s and k.
8
Let h be 48 + -2 + 3 - -2. Suppose h - 21 = 3*u. Calculate the highest common divisor of 110 and u.
10
Suppose h + 4 = 3. Let m be 18*(h + (-8)/(-6)). What is the highest common factor of m and 9?
3
Suppose 22 = 5*t - o, 2*o = 2*t - 4*t + 16. Suppose 142 = t*u + 57. Calculate the highest common factor of u and 136.
17
Let s = -12 + 31. Suppose -u + 4*p = -9 - s, 5*u + 4*p - 116 = 0. Calculate the greatest common divisor of 3 and u.
3
Suppose 3 = -6*x + 99. Let p(d) = -d**2 + 14*d - 1. Let z be p(7). Calculate the highest common factor of z and x.
16
Let c = 44 + -38. Let x be 2/(-6) + 199/3. What is the greatest common divisor of c and x?
6
Let n(p) = -p + 1. Let k = 7 - 7. Let o be n(k). Suppose 5*w = 4 + o. Calculate the highest common factor of w and 1.
1
Suppose -3*v = -0*c + c - 21, 0 = 2*v - 2. What is the greatest common fa